{"id":4294,"date":"2021-07-20T21:19:48","date_gmt":"2021-07-21T02:19:48","guid":{"rendered":"https:\/\/industriasmastder.com\/?page_id=4294"},"modified":"2021-12-07T19:50:34","modified_gmt":"2021-12-08T00:50:34","slug":"extensiones","status":"publish","type":"page","link":"https:\/\/industriasmastder.com\/?page_id=4294","title":{"rendered":"Extensiones"},"content":{"rendered":"\n<p>Extensiones fijas de 1,20 metros y telesc\u00f3picas&nbsp; de 2 y 3 metros. Fabricadas en l\u00e1mina met\u00e1lica plastificada y extremos en polietileno, lo que les da gran resistencia, excelente apariencia y bajo peso. Ideales para realizar trabajos en superficies altas o de dif\u00edcil acceso. En un extremo tienen un pr\u00e1ctico gancho que permite colgarla y en el otro una rosca universal que se adapta&nbsp; a los cabos de los rodillos Mastder. Adicionalmente, se entregan con un adaptador para cabos de rodillos que no tengan rosca.&nbsp;<\/p>\n\n\n<div data-block-name=\"woocommerce\/handpicked-products\" data-edit-mode=\"false\" data-content-visibility=\"{&quot;title&quot;:true,&quot;price&quot;:false,&quot;rating&quot;:false,&quot;button&quot;:false}\" data-products=\"[7014,7015,7016]\" data-align-buttons=\"true\" class=\"wc-block-grid wp-block-handpicked-products wc-block-handpicked-products has-3-columns has-multiple-rows has-aligned-buttons\"><ul class=\"wc-block-grid__products\"><li class=\"wc-block-grid__product\">\n\t\t\t\t<a href=\"https:\/\/industriasmastder.com\/?product=extension-telescopica-de-acero-1-5-a-3-mts\" class=\"wc-block-grid__product-link\">\n\t\t\t\t\t<div class=\"wc-block-grid__product-image\"><img width=\"300\" height=\"300\" src=\"https:\/\/industriasmastder.com\/wp-content\/uploads\/2021\/05\/529ExtencionTelescopica-deacero15a3mts-300x300.jpg\" class=\"attachment-woocommerce_thumbnail size-woocommerce_thumbnail\" alt=\"Extensi\u00f3n Telescopica de acero 1.5 a 3 mts\" decoding=\"async\" loading=\"lazy\" \/><\/div>\n\t\t\t\t\t<div class=\"wc-block-grid__product-title\">Extensi\u00f3n Telescopica de acero 1.5 a 3 mts<\/div>\n\t\t\t\t<\/a>\n\t\t\t\t\n\t\t\t\t\n\t\t\t\t\n\t\t\t\t\n\t\t\t<\/li><li class=\"wc-block-grid__product\">\n\t\t\t\t<a href=\"https:\/\/industriasmastder.com\/?product=extension-telescopica-de-acero-1-a-2-mts\" class=\"wc-block-grid__product-link\">\n\t\t\t\t\t<div class=\"wc-block-grid__product-image\"><img width=\"300\" height=\"300\" src=\"https:\/\/industriasmastder.com\/wp-content\/uploads\/2021\/05\/429ExtencionTelescopica-deacero1a2mts-300x300.jpg\" class=\"attachment-woocommerce_thumbnail size-woocommerce_thumbnail\" alt=\"Extensi\u00f3n Telescopica de acero 1 a 2 mts\" decoding=\"async\" loading=\"lazy\" \/><\/div>\n\t\t\t\t\t<div class=\"wc-block-grid__product-title\">Extensi\u00f3n Telescopica de acero 1 a 2 mts<\/div>\n\t\t\t\t<\/a>\n\t\t\t\t\n\t\t\t\t\n\t\t\t\t\n\t\t\t\t\n\t\t\t<\/li><li class=\"wc-block-grid__product\">\n\t\t\t\t<a href=\"https:\/\/industriasmastder.com\/?product=extension-fija-de-acero-1-2-mts\" class=\"wc-block-grid__product-link\">\n\t\t\t\t\t<div class=\"wc-block-grid__product-image\"><img width=\"300\" height=\"300\" src=\"https:\/\/industriasmastder.com\/wp-content\/uploads\/2021\/05\/229ExtencionFijadeAcero-12mts-300x300.jpg\" class=\"attachment-woocommerce_thumbnail size-woocommerce_thumbnail\" alt=\"Extensi\u00f3n Fija de Acero 1.2 mts\" decoding=\"async\" loading=\"lazy\" \/><\/div>\n\t\t\t\t\t<div class=\"wc-block-grid__product-title\">Extensi\u00f3n Fija de Acero 1.2 mts<\/div>\n\t\t\t\t<\/a>\n\t\t\t\t\n\t\t\t\t\n\t\t\t\t\n\t\t\t\t\n\t\t\t<\/li><\/ul><\/div>\n\n\n<div class=\"wp-block-image\"><figure class=\"aligncenter size-large\"><img decoding=\"async\" loading=\"lazy\" width=\"1024\" height=\"170\" src=\"https:\/\/industriasmastder.com\/wp-content\/uploads\/2021\/12\/Extensiones-1024x170.png\" alt=\"\" class=\"wp-image-7278\" srcset=\"https:\/\/industriasmastder.com\/wp-content\/uploads\/2021\/12\/Extensiones-1024x170.png 1024w, https:\/\/industriasmastder.com\/wp-content\/uploads\/2021\/12\/Extensiones-600x99.png 600w, https:\/\/industriasmastder.com\/wp-content\/uploads\/2021\/12\/Extensiones-64x11.png 64w, https:\/\/industriasmastder.com\/wp-content\/uploads\/2021\/12\/Extensiones-300x50.png 300w, https:\/\/industriasmastder.com\/wp-content\/uploads\/2021\/12\/Extensiones-768x127.png 768w, https:\/\/industriasmastder.com\/wp-content\/uploads\/2021\/12\/Extensiones-1536x254.png 1536w, https:\/\/industriasmastder.com\/wp-content\/uploads\/2021\/12\/Extensiones.png 1570w\" sizes=\"(max-width: 1024px) 100vw, 1024px\" \/><\/figure><\/div>\n","protected":false},"excerpt":{"rendered":"<p>Extensiones fijas de 1,20 metros y telesc\u00f3picas&nbsp; de 2 y 3 metros. Fabricadas en l\u00e1mina met\u00e1lica plastificada y extremos en polietileno, lo que les da gran resistencia, excelente apariencia y bajo peso. Ideales para realizar trabajos en superficies altas o de dif\u00edcil acceso. En un extremo tienen un pr\u00e1ctico gancho que permite colgarla y en [&hellip;]<\/p>\n","protected":false},"author":3,"featured_media":0,"parent":12,"menu_order":0,"comment_status":"closed","ping_status":"closed","template":"","meta":{"_et_pb_use_builder":"on","_et_pb_old_content":"<!-- wp:paragraph -->\n<p>Extensiones fijas de 1,20 metros y telesc\u00f3picas\u00a0 de 2 y 3 metros. Fabricadas en l\u00e1mina met\u00e1lica plastificada y extremos en polietileno, lo que les da gran resistencia, excelente apariencia y bajo peso. Ideales para realizar trabajos en superficies altas o de dif\u00edcil acceso. En un extremo tienen un pr\u00e1ctico gancho que permite colgarla y en el otro una rosca universal que se adapta\u00a0 a los cabos de los rodillos Mastder. Adicionalmente, se entregan con un adaptador para cabos de rodillos que no tengan rosca.\u00a0<\/p>\n<!-- \/wp:paragraph -->\n\n<!-- wp:woocommerce\/handpicked-products {\"editMode\":false,\"products\":[3247,3737]} \/-->\n\n<!-- wp:table -->\n<figure class=\"wp-block-table\"><table><tbody><tr><td>REF:<\/td><td>DESCRIPCION<\/td><td>UNIDAD DE EMPAQUE<\/td><\/tr><tr><td>229<\/td><td>Extensi\u00f3n Fija met\u00e1lica&nbsp; 1,2 mts<\/td><td>1\/2 docena<\/td><\/tr><tr><td>429<\/td><td>Extensi\u00f3n Telesc\u00f3pica met\u00e1lica 1 a 2 mts<\/td><td>1\/2 docena<\/td><\/tr><tr><td>529<\/td><td>Extensi\u00f3n Telesc\u00f3pica met\u00e1lica 1,5&nbsp; a 3 mts<\/td><td>1\/2 docena<\/td><\/tr><\/tbody><\/table><\/figure>\n<!-- \/wp:table -->","_et_gb_content_width":"","_monsterinsights_skip_tracking":false,"_monsterinsights_sitenote_active":false,"_monsterinsights_sitenote_note":"","_monsterinsights_sitenote_category":0},"aioseo_notices":[],"_links":{"self":[{"href":"https:\/\/industriasmastder.com\/index.php?rest_route=\/wp\/v2\/pages\/4294"}],"collection":[{"href":"https:\/\/industriasmastder.com\/index.php?rest_route=\/wp\/v2\/pages"}],"about":[{"href":"https:\/\/industriasmastder.com\/index.php?rest_route=\/wp\/v2\/types\/page"}],"author":[{"embeddable":true,"href":"https:\/\/industriasmastder.com\/index.php?rest_route=\/wp\/v2\/users\/3"}],"replies":[{"embeddable":true,"href":"https:\/\/industriasmastder.com\/index.php?rest_route=%2Fwp%2Fv2%2Fcomments&post=4294"}],"version-history":[{"count":6,"href":"https:\/\/industriasmastder.com\/index.php?rest_route=\/wp\/v2\/pages\/4294\/revisions"}],"predecessor-version":[{"id":7279,"href":"https:\/\/industriasmastder.com\/index.php?rest_route=\/wp\/v2\/pages\/4294\/revisions\/7279"}],"up":[{"embeddable":true,"href":"https:\/\/industriasmastder.com\/index.php?rest_route=\/wp\/v2\/pages\/12"}],"wp:attachment":[{"href":"https:\/\/industriasmastder.com\/index.php?rest_route=%2Fwp%2Fv2%2Fmedia&parent=4294"}],"curies":[{"name":"wp","href":"https:\/\/api.w.org\/{rel}","templated":true}]}}