{"id":866,"date":"2021-03-09T06:58:22","date_gmt":"2021-03-09T11:58:22","guid":{"rendered":"https:\/\/industriasmastder.com\/?page_id=866"},"modified":"2021-12-07T19:14:50","modified_gmt":"2021-12-08T00:14:50","slug":"rodillos-felpa-acrilica-y-poliester-mastder-naranja","status":"publish","type":"page","link":"https:\/\/industriasmastder.com\/?page_id=866","title":{"rendered":"Rodillos Felpa Acr\u00edlica y Poli\u00e9ster Mastder \u00ae Naranja"},"content":{"rendered":"\n<p><strong>L\u00ednea Profesional<\/strong><\/p>\n\n\n\n<p>Los rodillos Mastder \u00ae l\u00ednea profesional, son ideales para la aplicaci\u00f3n de pinturas vin\u00edlicas, poli\u00e9ster, l\u00e1tex, aceites, etc. Pueden ser utilizados en superficies rugosas, semi rugosas o lisas. Para su elaboraci\u00f3n se utilizan materias primas de primera calidad, tecnolog\u00eda industrial aplicada y un meticuloso cuidado artesanal, que dan origen a un producto l\u00edder en el mercado, reconocido tanto por los profesionales de la pintura como por los aficionados al bricolaje y la decoraci\u00f3n.<\/p>\n\n\n\n<p><\/p>\n\n\n\n<div class=\"wp-block-group is-layout-flow wp-block-group-is-layout-flow\"><div data-block-name=\"woocommerce\/handpicked-products\" data-edit-mode=\"false\" data-content-visibility=\"{&quot;title&quot;:true,&quot;price&quot;:false,&quot;rating&quot;:false,&quot;button&quot;:false}\" data-products=\"[6922,6923,6924,6925,6927,6926]\" class=\"wc-block-grid wp-block-handpicked-products wc-block-handpicked-products has-3-columns has-multiple-rows\"><ul class=\"wc-block-grid__products\"><li class=\"wc-block-grid__product\">\n\t\t\t\t<a href=\"https:\/\/industriasmastder.com\/?product=rodillo-mastder-9-felpa-naranja\" class=\"wc-block-grid__product-link\">\n\t\t\t\t\t<div class=\"wc-block-grid__product-image\"><img width=\"300\" height=\"300\" src=\"https:\/\/industriasmastder.com\/wp-content\/uploads\/2021\/03\/956RodilloMasdterintercambiabletipoAmericano921983-300x300.jpg\" class=\"attachment-woocommerce_thumbnail size-woocommerce_thumbnail\" alt=\"Rodillo Mastder 9&quot; felpa Naranja\" decoding=\"async\" loading=\"lazy\" \/><\/div>\n\t\t\t\t\t<div class=\"wc-block-grid__product-title\">Rodillo Mastder 9&#8243; felpa Naranja<\/div>\n\t\t\t\t<\/a>\n\t\t\t\t\n\t\t\t\t\n\t\t\t\t\n\t\t\t\t\n\t\t\t<\/li><li class=\"wc-block-grid__product\">\n\t\t\t\t<a href=\"https:\/\/industriasmastder.com\/?product=rodillo-mastder-7-felpa-naranja\" class=\"wc-block-grid__product-link\">\n\t\t\t\t\t<div class=\"wc-block-grid__product-image\"><img width=\"300\" height=\"300\" src=\"https:\/\/industriasmastder.com\/wp-content\/uploads\/2021\/03\/902RodilloMasdter922FelpaNaranja1-scaled-300x300.jpg\" class=\"attachment-woocommerce_thumbnail size-woocommerce_thumbnail\" alt=\"Rodillo Mastder 7&quot; felpa Naranja\" decoding=\"async\" loading=\"lazy\" \/><\/div>\n\t\t\t\t\t<div class=\"wc-block-grid__product-title\">Rodillo Mastder 7&#8243; felpa Naranja<\/div>\n\t\t\t\t<\/a>\n\t\t\t\t\n\t\t\t\t\n\t\t\t\t\n\t\t\t\t\n\t\t\t<\/li><li class=\"wc-block-grid__product\">\n\t\t\t\t<a href=\"https:\/\/industriasmastder.com\/?product=rodillo-mastder-5-felpa-naranja\" class=\"wc-block-grid__product-link\">\n\t\t\t\t\t<div class=\"wc-block-grid__product-image\"><img width=\"300\" height=\"300\" src=\"https:\/\/industriasmastder.com\/wp-content\/uploads\/2021\/03\/702Rodillo-Masdter-722Felpa-Naranja-300x300.jpg\" class=\"attachment-woocommerce_thumbnail size-woocommerce_thumbnail\" alt=\"Rodillo Mastder 5&quot; felpa Naranja\" decoding=\"async\" loading=\"lazy\" \/><\/div>\n\t\t\t\t\t<div class=\"wc-block-grid__product-title\">Rodillo Mastder 5&#8243; felpa Naranja<\/div>\n\t\t\t\t<\/a>\n\t\t\t\t\n\t\t\t\t\n\t\t\t\t\n\t\t\t\t\n\t\t\t<\/li><li class=\"wc-block-grid__product\">\n\t\t\t\t<a href=\"https:\/\/industriasmastder.com\/?product=rodillo-mastder-3-felpa-naranja\" class=\"wc-block-grid__product-link\">\n\t\t\t\t\t<div class=\"wc-block-grid__product-image\"><img width=\"300\" height=\"300\" src=\"https:\/\/industriasmastder.com\/wp-content\/uploads\/2021\/03\/505RodilloMastder5Felpa-Naranja-300x300.jpg\" class=\"attachment-woocommerce_thumbnail size-woocommerce_thumbnail\" alt=\"Rodillo Mastder 3&quot; felpa Naranja\" decoding=\"async\" loading=\"lazy\" \/><\/div>\n\t\t\t\t\t<div class=\"wc-block-grid__product-title\">Rodillo Mastder 3&#8243; felpa Naranja<\/div>\n\t\t\t\t<\/a>\n\t\t\t\t\n\t\t\t\t\n\t\t\t\t\n\t\t\t\t\n\t\t\t<\/li><li class=\"wc-block-grid__product\">\n\t\t\t\t<a href=\"https:\/\/industriasmastder.com\/?product=rodillo-mastder-2-felpa-naranja\" class=\"wc-block-grid__product-link\">\n\t\t\t\t\t<div class=\"wc-block-grid__product-image\"><img width=\"300\" height=\"300\" src=\"https:\/\/industriasmastder.com\/wp-content\/uploads\/2021\/03\/202RodilloMastder2Felpa-Naranja-1-300x300.jpg\" class=\"attachment-woocommerce_thumbnail size-woocommerce_thumbnail\" alt=\"Rodillo Mastder 2&quot; felpa Naranja\" decoding=\"async\" loading=\"lazy\" \/><\/div>\n\t\t\t\t\t<div class=\"wc-block-grid__product-title\">Rodillo Mastder 2&#8243; felpa Naranja<\/div>\n\t\t\t\t<\/a>\n\t\t\t\t\n\t\t\t\t\n\t\t\t\t\n\t\t\t\t\n\t\t\t<\/li><li class=\"wc-block-grid__product\">\n\t\t\t\t<a href=\"https:\/\/industriasmastder.com\/?product=rodillo-mastder-12-felpa-naranja\" class=\"wc-block-grid__product-link\">\n\t\t\t\t\t<div class=\"wc-block-grid__product-image\"><img width=\"300\" height=\"300\" src=\"https:\/\/industriasmastder.com\/wp-content\/uploads\/2021\/03\/122RodilloMastder12Felpa-Naranja-1-300x300.jpg\" class=\"attachment-woocommerce_thumbnail size-woocommerce_thumbnail\" alt=\"Rodillo Mastder 12&quot; felpa Naranja\" decoding=\"async\" loading=\"lazy\" \/><\/div>\n\t\t\t\t\t<div class=\"wc-block-grid__product-title\">Rodillo Mastder 12&#8243; felpa Naranja<\/div>\n\t\t\t\t<\/a>\n\t\t\t\t\n\t\t\t\t\n\t\t\t\t\n\t\t\t\t\n\t\t\t<\/li><\/ul><\/div><\/div>\n\n\n<figure class=\"wp-block-table is-style-stripes\"><\/figure>\n<p><!-- \/wp:table --><\/p>\n\n<!-- wp:image {\"align\":\"center\",\"id\":6271,\"sizeSlug\":\"large\",\"linkDestination\":\"none\"} -->\n<div class=\"wp-block-image\"><figure class=\"aligncenter size-large\"><img decoding=\"async\" loading=\"lazy\" width=\"1024\" height=\"272\" src=\"https:\/\/industriasmastder.com\/wp-content\/uploads\/2021\/09\/1-felpa-Acrilica-Profesional-1024x272.png\" alt=\"\" class=\"wp-image-6271\" srcset=\"https:\/\/industriasmastder.com\/wp-content\/uploads\/2021\/09\/1-felpa-Acrilica-Profesional-980x260.png 980w, https:\/\/industriasmastder.com\/wp-content\/uploads\/2021\/09\/1-felpa-Acrilica-Profesional-480x128.png 480w\" sizes=\"(min-width: 0px) and (max-width: 480px) 480px, (min-width: 481px) and (max-width: 980px) 980px, (min-width: 981px) 1024px, 100vw\" \/><\/figure><\/div>\n<!-- \/wp:image -->","protected":false},"excerpt":{"rendered":"<p>Los rodillos Mastder \u00ae l\u00ednea profesional, son ideales para la aplicaci\u00f3n de pinturas vin\u00edlicas, poli\u00e9ster, l\u00e1tex, aceites, etc. Pueden ser utilizados en superficies rugosas, semi rugosas o lisas.<br \/>\nPara su elaboraci\u00f3n se utilizan materias primas de primera calidad, tecnolog\u00eda industrial aplicada y un meticuloso cuidado artesanal, que dan origen a un producto l\u00edder en el mercado, reconocido tanto por los profesionales de la pintura como por los aficionados al bricolaje y la decoraci\u00f3n.<\/p>\n","protected":false},"author":4,"featured_media":106,"parent":12,"menu_order":0,"comment_status":"closed","ping_status":"closed","template":"","meta":{"_et_pb_use_builder":"off","_et_pb_old_content":"<!-- wp:paragraph -->\n<p><strong>L\u00ednea Profesional<\/strong><\/p>\n<!-- \/wp:paragraph -->\n\n<!-- wp:paragraph -->\n<p>Los rodillos Mastder \u00ae l\u00ednea profesional, son ideales para la aplicaci\u00f3n de pinturas vin\u00edlicas, poli\u00e9ster, l\u00e1tex, aceites, etc. Pueden ser utilizados en superficies rugosas, semi rugosas o lisas. Para su elaboraci\u00f3n se utilizan materias primas de primera calidad, tecnolog\u00eda industrial aplicada y un meticuloso cuidado artesanal, que dan origen a un producto l\u00edder en el mercado, reconocido tanto por los profesionales de la pintura como por los aficionados al bricolaje y la decoraci\u00f3n.<\/p>\n<!-- \/wp:paragraph -->\n\n<!-- wp:paragraph -->\n<p><\/p>\n<!-- \/wp:paragraph -->\n\n<!-- wp:group -->\n<div class=\"wp-block-group\"><!-- wp:woocommerce\/handpicked-products {\"editMode\":false,\"contentVisibility\":{\"title\":true,\"price\":true,\"rating\":false,\"button\":true},\"orderby\":\"title\",\"products\":[167,168,169,170,171,172]} \/-->\n\n<!-- wp:woocommerce\/handpicked-products {\"editMode\":false,\"contentVisibility\":{\"title\":true,\"price\":false,\"rating\":false,\"button\":false},\"products\":[6922,6923,6924,6925,6927,6926]} \/--><\/div>\n<!-- \/wp:group -->\n\n<figure class=\"wp-block-table is-style-stripes\"><\/figure>\n<p><!-- \/wp:table --><\/p>","_et_gb_content_width":"793","_monsterinsights_skip_tracking":false,"_monsterinsights_sitenote_active":false,"_monsterinsights_sitenote_note":"","_monsterinsights_sitenote_category":0},"aioseo_notices":[],"_links":{"self":[{"href":"https:\/\/industriasmastder.com\/index.php?rest_route=\/wp\/v2\/pages\/866"}],"collection":[{"href":"https:\/\/industriasmastder.com\/index.php?rest_route=\/wp\/v2\/pages"}],"about":[{"href":"https:\/\/industriasmastder.com\/index.php?rest_route=\/wp\/v2\/types\/page"}],"author":[{"embeddable":true,"href":"https:\/\/industriasmastder.com\/index.php?rest_route=\/wp\/v2\/users\/4"}],"replies":[{"embeddable":true,"href":"https:\/\/industriasmastder.com\/index.php?rest_route=%2Fwp%2Fv2%2Fcomments&post=866"}],"version-history":[{"count":10,"href":"https:\/\/industriasmastder.com\/index.php?rest_route=\/wp\/v2\/pages\/866\/revisions"}],"predecessor-version":[{"id":7259,"href":"https:\/\/industriasmastder.com\/index.php?rest_route=\/wp\/v2\/pages\/866\/revisions\/7259"}],"up":[{"embeddable":true,"href":"https:\/\/industriasmastder.com\/index.php?rest_route=\/wp\/v2\/pages\/12"}],"wp:featuredmedia":[{"embeddable":true,"href":"https:\/\/industriasmastder.com\/index.php?rest_route=\/wp\/v2\/media\/106"}],"wp:attachment":[{"href":"https:\/\/industriasmastder.com\/index.php?rest_route=%2Fwp%2Fv2%2Fmedia&parent=866"}],"curies":[{"name":"wp","href":"https:\/\/api.w.org\/{rel}","templated":true}]}}